Let m be (36/(-24))/((-3)/(-7880)). What is the units digit of (3/((-15)/m))/(1 - 0)?
8
Let g = -157 - -159. Let m(s) = 538*s - 7. What is the hundreds digit of m(g)?
0
Suppose -34*i + 22*i = -77304. What is the tens digit of i?
4
What is the thousands digit of (-3637374)/(-364) + (-3)/(-14)?
9
Suppose 2 = -2*p + 12, -s + 3*p = 1226. What is the units digit of (s/(-14))/(9/54)?
9
Let m = 176 - 160. Suppose 0 = -m*o - 22*o + 9880. What is the tens digit of o?
6
Suppose -8*c - 4921 = -17121. Let a = 3115 - c. What is the tens digit of a?
9
Let p = -98 + 82. Let k(w) be the first derivative of -w**2 + 20*w - 6. What is the tens digit of k(p)?
5
Let a = 10594 + 6709. What is the ten thousands digit of a?
1
Let f = 2671 + -2598. What is the units digit of f?
3
Let f(o) = 248*o + 1. Let z be f(1). Suppose -25*p = -43 - 3682. Let h = z - p. What is the units digit of h?
0
Let a be (-8)/6 - 13013/(-231). Suppose -65*l = -a*l - 4970. What is the tens digit of l?
9
Let y be (-2)/(1*3*(-1)/6). Suppose -a + 58 = -r + 8, -y*r = 20. What is the units digit of a?
5
Suppose 2*f - 23*k = -24*k + 62, 3*k - 6 = 0. Suppose 4*m + 30 = 14*m. Suppose -m*u = -6, -f = -5*t - 8*u + 3*u. What is the units digit of t?
4
Suppose -26069 = 10*r - 80399. What is the units digit of r?
3
Suppose -4*t + 83 = 35. Suppose 4*x - 2*o = -o - 19, 0 = 2*x + 2*o + t. Let g(z) = -52*z - 35. What is the units digit of g(x)?
5
Suppose 3*i = -g - 12620 - 2489, -5*i - g - 25185 = 0. Let f = i - -7103. What is the units digit of f?
5
Let x = 207 + -200. Let b(a) = -a**2 + 12*a - 27. What is the units digit of b(x)?
8
Let t = 60 + -58. What is the tens digit of -8 - 3336/(-32) - t/8?
9
Let h = -370 + 522. Let f be 2/(-4) - 676/(-8). Let l = h - f. What is the tens digit of l?
6
Let p = 93896 + -56508. What is the ten thousands digit of p?
3
Let t(q) = 376*q**2 + 33*q - 26. What is the thousands digit of t(-5)?
9
Let j(h) = -234*h - 813. What is the tens digit of j(-5)?
5
Let s = 54539 - 41620. What is the thousands digit of s?
2
Let l(v) = 66*v**2 + 57*v - 455. What is the units digit of l(13)?
0
Let j(b) = -b - 61. Let x be j(0). Let t(g) = 4*g**2 - 19*g - 49. Let k be t(7). Let w = k - x. What is the tens digit of w?
7
Suppose 5*x - 148 = 4*z, 0 = 5*x - 2*x + z - 82. Let h = 30 - x. Suppose -h = p, 4*t - 190 = 2*t + 5*p. What is the tens digit of t?
9
Let x(v) be the second derivative of 3*v**5/10 - 2*v**4/3 - 3*v**3/2 + 3*v**2 - 74*v. What is the units digit of x(5)?
1
Let r(z) = -z**2 - 10*z - 8. Let w be r(-1). Suppose 0 = -l - w, 7*b + 5*l + 2780 = 12*b. What is the hundreds digit of b?
5
What is the hundreds digit of 9/(-36)*8 + 6769 + 1?
7
Let c = -42 - -311. Suppose 3*p + 3*v - 46 - c = 0, -5*v + 309 = 3*p. Suppose -15 = -j - 2*j, 0 = -3*h + 3*j + p. What is the units digit of h?
1
Let c(p) = 41*p + 10. Let b = -16 - -25. What is the units digit of c(b)?
9
Let x(y) = -25*y + 48. Let j be (3 - 18/4)*(-50)/(-15). What is the hundreds digit of x(j)?
1
Suppose -12*r = 5*r - 34. Suppose 794 = 5*u + 4*y, -6*u + 627 = -r*u - 5*y. What is the tens digit of u?
5
What is the units digit of 6*(-153)/(-3)*(-1)/(2/(-1))?
3
Let j be 3/9 + (-22)/(-6) + 1. Suppose 0 = j*k - 11*k + 18. Suppose k*s = 12 + 3. What is the units digit of s?
5
What is the tens digit of ((-1535930848)/943)/(-32) + 2/(-23)?
9
Suppose 3*t - x = 3951, -2*t - 5268 = -6*t - 5*x. Let y = -554 + t. What is the hundreds digit of y?
7
Suppose -5*s = 3*j - 255362, -112*s + 111*s = 4*j - 51103. What is the tens digit of s?
6
Suppose 0 = g - 1, v + 2*v = -2*g + 42176. What is the tens digit of v?
5
Let t(v) = v + 12. Let x be t(-7). Suppose 5*b + 5*w = -10, -x*w + 2*w - 3 = 4*b. Suppose -3*p = -2*l + 15, -3*p + 19 + 11 = b*l. What is the units digit of l?
9
Let t(m) = 75*m**2. Let u = 34 - 33. Let j be t(u). Suppose -4*k = -3*k - j. What is the units digit of k?
5
Suppose 2*n - 99 + 254 = 3*q, 0 = 4*n + 4. Suppose -q = -3*t - 135. What is the units digit of (1 - -27) + t/(-28)?
9
Suppose 15580 = 4*d + 4*c, -5*d - 3*c + 8902 = -10561. What is the units digit of d?
9
Suppose -2*w - 13*j + 14*j + 2179 = 0, -2*w + 3*j = -2189. What is the units digit of w?
7
Let k(h) = -7*h**2 - 331*h - 14. What is the thousands digit of k(-25)?
3
Suppose 28*y = 36*y - 480. Let x be ((-144)/y)/(4/(-1510)). Suppose -x = -10*h + 4*h. What is the hundreds digit of h?
1
Suppose -4*b + 106 = -2*f, 4*f - 56 = -5*b + 57. Suppose 0 = b*k + 393 - 8018. What is the tens digit of k?
0
Suppose -4*d + 4*n = -8, -6*d - 3*n = -2*d - 29. Suppose 2*g - 3455 = -3*g + d*c, 4*g + 4*c = 2764. What is the tens digit of g?
9
Let v = 5970 + -3186. Suppose -3*a + 9*a - v = 0. What is the tens digit of a?
6
Let s(t) be the second derivative of -3*t**3 - 86*t**2 + 174*t. What is the tens digit of s(-15)?
9
Let a(g) = -62*g + 3227. What is the units digit of a(-33)?
3
Let t(o) = o**2 + o - 6. Let v(y) = -y**2 - 18*y - 56. Let k be v(-13). Let i be (k/2)/((-3)/(-6)). What is the units digit of t(i)?
4
Let y be (-5 + 4)*1/((-1)/9). Suppose 3*v + 3*b = y, 2*b + 0 + 3 = v. What is the tens digit of 18/(-7)*(-11 - v)?
3
Let d be (-24)/(-5)*1/6*15. Suppose 2*i - d = -0. Let w(z) = z**3 - 4*z**2 + 12*z + 5. What is the hundreds digit of w(i)?
1
Let d(i) = 2*i**3 - 29*i**2 + 26*i - 8. What is the units digit of d(23)?
3
Let q be (-1248)/30 - (-3)/5. Let l be (-2)/8 - (q/4 + 6). What is the units digit of 1*(78 + l/4)?
9
Let i be (296/20)/((-1)/5). Let s = 77 + i. Suppose -2*n + 2*x + 696 = n, 911 = 4*n + s*x. What is the tens digit of n?
3
Let k = -31095 + 46491. What is the ten thousands digit of k?
1
Let y = -224 - -227. Suppose 1558 = y*k - i, k + k - 1036 = 2*i. What is the tens digit of k?
2
Suppose 19*j - 8094 - 274227 + 7296 = 0. What is the thousands digit of j?
4
Let a be 3/4*(-5 - -89)/(-7). Let r be (3 - 2)*a*-14. Suppose 13*i = 10*i + r. What is the units digit of i?
2
Let o = 21 + -13. Suppose -o = 2*a - 2, 5*m - a = 93. Let l(g) = -g**2 + 20*g - 25. What is the tens digit of l(m)?
1
Let b = -103 + 4. Let w = b - -101. Suppose -4*p + 5*q + 367 = 0, -2*q = -w*p + 216 - 32. What is the tens digit of p?
9
Let o(m) = -355*m - 1728. What is the hundreds digit of o(-25)?
1
Let n be 3*6/12*(-466)/(-3). Let o = n + -390. Let s = o - -268. What is the tens digit of s?
1
Let p(d) = 464*d**3 + 5*d**2 - 1. Let j be p(4). Suppose 37*c = 12*c + j. What is the tens digit of c?
9
Suppose -v - 2 = -4*q, -3 - 5 = -2*v - 4*q. Suppose 0 = -v*y + 41 + 37. Let m = y + 99. What is the hundreds digit of m?
1
Let z = -45 + 68. Let x(l) = -z + 19 - 27 - 16*l - 6*l. What is the units digit of x(-5)?
9
Let n be (358 + 1)/((10 + -1)/(-9)). Let f = n + 873. What is the tens digit of f?
1
Let f(i) = -22*i - 4. Let j(l) = l**3 + 29*l**2 + 25*l - 82. Let d be j(-28). Suppose 14 = d*v - 4*v. What is the units digit of f(v)?
0
Let o(j) = 4*j**3 + 2*j**2 - 5*j + 3. Let s be o(3). Let q = 177 + s. What is the tens digit of q?
9
Suppose -39 = 14*a + 129. What is the tens digit of (-84)/(-8)*(-152)/a?
3
What is the tens digit of (24800/75 + -18)/(-1 + (-10)/(-6))?
6
What is the hundreds digit of 26496432/2808 + (1 - 41/39)?
4
What is the tens digit of 12*-5*(-168)/35?
8
Let v(w) = 8*w**3 - 11*w**2 - 9*w - 35. Let z(l) = l**3 + l**2 + 1. Let q(x) = v(x) - 2*z(x). What is the thousands digit of q(7)?
1
Let o = -41 - -44. Suppose 2*z - 3*s + 3 = 0, 0*z - o*s = -5*z - 12. What is the tens digit of (-250)/(z/(0 + 6/4))?
2
Let p = -22 + 31. Let u(n) = p + 9 + 2*n**2 - n**2 + 12*n. What is the units digit of u(-14)?
6
What is the hundreds digit of (-12)/90 + 768454/30?
6
Let m be -17 - 2*(-6)/(-4). Let y be -695*((-32)/m)/(-4). Suppose 4*g + y = 3*k - 0*g, 3*k + 5*g - 260 = 0. What is the units digit of k?
0
Let u(x) = x**2 + 31*x + 24 + 29*x - 57*x. Let r be u(-8). What is the tens digit of 7/((-84)/r)*-3?
1
Suppose 0 = -8*j + j + 1400. Suppose 473 = 5*v - 4*i, 0 = -2*v - 0*v - 2*i + j. Suppose v = 2*s - 89. What is the tens digit of s?
9
Let y = -38398 + 54947. What is the thousands digit of y?
6
Suppose 0 = l + 5, -2 = 3*t + l + 3. Suppose -18*x + 6746 + 814 = t. What is the units digit of x?
0
Let s(t) = -16*t + 15. Let a be s(-5). Let p = 36 + a. What is the hundreds digit of p?
1
What is the units digit of (-15)